 q(a) = -3*a + 3. Let v be q(-3). Suppose 5*y = 14 - 4. Suppose f - v = -y*f. List the prime factors of f.
2
Suppose 4*n = 5*n - 16. Let z be (n/5)/((-2)/20). Let d = 48 + z. List the prime factors of d.
2
Let f = 12 - -1. Suppose -4*g + f + 3 = 0. What are the prime factors of g?
2
Let j be 1/5 - (-814)/55. Let n = j - 9. What are the prime factors of n?
2, 3
Let x(j) = 3*j**2 + 14*j + 3. What are the prime factors of x(-10)?
163
Suppose 9*n - 1663 = 218. What are the prime factors of n?
11, 19
Suppose -6*y = 4*x - y - 26, 3*y - 6 = 0. Let z be (-1)/x - (-1)/4. Suppose z = m + m - 20. What are the prime factors of m?
2, 5
Let m(v) = 21*v**2 + 3*v - 1. List the prime factors of m(1).
23
Suppose 3*g - 5*x + 18 - 8 = 0, 3*g = -5*x + 40. Suppose 0 = -4*n + 16, -5*i + 75 - 15 = -g*n. Let o = 3 + i. List the prime factors of o.
19
Let n = 50 + -29. What are the prime factors of n?
3, 7
Let q(y) = -y - 1. List the prime factors of q(-12).
11
Let s(m) = -3*m**2 - 2. Let n be s(3). Let p = -16 - n. List the prime factors of p.
13
Let d(p) = 2*p + 3*p - 6*p + 17. What are the prime factors of d(-14)?
31
Let b = -450 + 122. List the prime factors of b/(-7) + (-6)/(-42).
47
Suppose 5*h - 19 = 4*h - 3*q, 0 = -h + 4*q + 5. Suppose 2*u + 1 - h = 0. Suppose -s - 5*k + 3 = -u, -4*s + 14 = -2*k. List the prime factors of s.
2
Let v(a) = a**2 - 9*a - 16. Let q(g) be the first derivative of 2*g**3/3 + 5*g**2/2 - g - 3. Let j be q(-4). What are the prime factors of v(j)?
2, 3
Suppose -4*b = -3*s + 121 - 23, 3*b + 6 = 0. What are the prime factors of (-24)/s*130/(-4)?
2, 13
Let m(r) = r**3 - 7*r**2 + 11*r. List the prime factors of m(5).
5
Let j = -219 - -340. List the prime factors of j.
11
Let z be (-3)/2*112/21. Let c = -13 - z. Let k = c + 7. What are the prime factors of k?
2
Let d(s) = 5*s**2 - s + 9. What are the prime factors of d(-3)?
3, 19
Let f(i) = -7*i. What are the prime factors of f(-6)?
2, 3, 7
Let u(b) = -6*b**3 + b**2 - 1. Suppose -1 + 0 = x. Let a be (x/(-2))/(7/(-14)). What are the prime factors of u(a)?
2, 3
Let b be (2 - 10/(-2)) + 0. Suppose b = 3*k - 14. What are the prime factors of k?
7
Suppose 0 = -0*s - 4*s + 4. Let o(g) = -9*g + 1. Let a be o(s). Let w(z) = -z**2 - 9*z + 4. List the prime factors of w(a).
2, 3
Suppose 6 = -s + 2. Let o(v) = -3*v - 2. List the prime factors of o(s).
2, 5
Suppose 2*u = 4 + 2. Suppose -4*r = -u*a - 0*r + 108, 38 = a - 2*r. What are the prime factors of a?
2
Suppose 5*p + 2*x = -2*x + 20, 0 = -3*x. Suppose -w - 2*b = -15, p*b = 4*w + w - 5. What are the prime factors of w?
5
Let y = 150 + -104. List the prime factors of y.
2, 23
Suppose 0 = -x + 12 - 8. Suppose -x*r - 1 = -33. List the prime factors of r.
2
Suppose 0 = -g + 6*g - 410. Suppose -3*z + g = -z. List the prime factors of z.
41
Let z(o) = o + 1. Let w be z(9). Let r = 9 + w. What are the prime factors of r?
19
What are the prime factors of 136 - (10/(-3) + (-1)/(-3))?
139
List the prime factors of -1 - -28 - (-3 + 3).
3
Let l(h) = h**3 + 16*h**2 + 29*h + 30. What are the prime factors of l(-14)?
2
Suppose 11*j - 88 = 9*j. What are the prime factors of j?
2, 11
Let c be ((-3)/9)/((-2)/30). Suppose -3*t - 3*m + 69 = 0, t = c*t + 2*m - 96. What are the prime factors of t?
5
Let g be (-68)/(-8) - (-3)/(-2). Let l = 11 - g. What are the prime factors of l?
2
Let c be 3 + (4 - 3 - -1). Suppose -c*j + 36 = -2*j. List the prime factors of j.
2, 3
Let s(x) be the third derivative of -x**6/120 - x**5/10 + x**4/8 - x**3/3 + 4*x**2. What are the prime factors of s(-7)?
2, 13
Suppose -4*q = -s - 30, -4*s - s = -10. Suppose -q = 2*l - 2. List the prime factors of l*-2*(-14)/(-12).
7
Suppose 5*l = 3*b + b + 12, -2*b = -2*l + 6. Let x = 0 - b. Suppose x*f + 3*s - 24 = -0*s, 0 = -2*s - 6. What are the prime factors of f?
11
Let m = -1 - -4. Suppose -m*s + 15 = 0, 0*b + 5*b = -3*s + 30. Suppose 0 = -v + 5, 0 = -0*d - b*d - 5*v + 58. What are the prime factors of d?
11
List the prime factors of 2/((-5)/350*-4).
5, 7
Let a = 28 - 18. List the prime factors of a.
2, 5
Let o(t) = 16*t**2 - t. Let k(y) = -y**3 + 4*y**2 - 3*y + 1. Let b be ((-3)/9)/(2/(-18)). Let m be k(b). List the prime factors of o(m).
3, 5
Let d(t) = t**3 - 5*t**2 + 3*t + 4. Let s be d(4). Suppose 6*q - 2*q - 20 = s. Suppose q*w - 49 = -4*v, -5*w + 2*w = -2*v - 47. List the prime factors of w.
13
Let g(d) = d**2 - 6*d - 12. List the prime factors of g(13).
79
Let t(j) = j**3 - 7 + 8*j**2 + 4*j**3 - 10*j - 4*j**3. Let i be t(-9). What are the prime factors of (-34)/(-5) - i/(-10)?
7
What are the prime factors of 2/(-1) + (0 - -224)?
2, 3, 37
Let h = 53 - 36. What are the prime factors of h?
17
Suppose -14 = 4*f - 22. List the prime factors of 11 + -6 - (1 + f).
2
Let f(n) = n**2 - 3*n + 3. Let c be f(4). Suppose -4*p - c + 63 = 0. What are the prime factors of p?
2, 7
Let v = 31 - -14. Suppose 6*g - 9*g = -v. What are the prime factors of g?
3, 5
Let b = -10 + 24. Let x = 22 - b. List the prime factors of x.
2
Let h(p) = -p - 23. Let j be h(-18). Let t(m) = -m**2 + 14. Let u be t(0). Let r = j + u. List the prime factors of r.
3
Let g(p) = -p**2 + 16*p + 5. Let j be g(7). Suppose -2*q = -5*i - 3*q + 85, -4*i = -4*q - j. List the prime factors of i.
17
Suppose 0 = -5*k + u - 69, -5*k + 0*u = 5*u + 45. Let n = -8 - k. Suppose o - n*h = -8, o + 4*h + h = 12. List the prime factors of o.
2
Let s(d) = 10*d + 2*d + 4 - 2. Let z(h) = 265*h + 45. Let x(w) = 45*s(w) - 2*z(w). List the prime factors of x(1).
2, 5
Suppose -q = -0*q. Let a(z) = z - 11. Let y be a(q). Let l = -6 - y. List the prime factors of l.
5
Let q = 502 - 318. What are the prime factors of q?
2, 23
Let d(z) = z**2 + 5*z + 2. Let v be d(-4). Let c be (-3)/6*(v - -2). Suppose -5*n + 3*a + 48 = 0, c*n - 2*n + 36 = 3*a. What are the prime factors of n?
2, 3
Suppose c + 155 = -5*h, 0 = -3*h + 5 - 2. What are the prime factors of c/(-28) + 6/21?
2, 3
Suppose 0 = 5*l - 7 - 28. Let g(w) = w**3 - 6*w**2 + 2*w - 9. Let b be g(6). Let j = b + l. List the prime factors of j.
2, 5
Let z(y) = -2*y**2 - 8*y + 16. Let a(f) = -3*f**2 - 12*f + 24. Let w(j) = 5*a(j) - 8*z(j). What are the prime factors of w(-7)?
13
Let c(a) be the second derivative of a**5/20 + a**3/6 + 7*a**2/2 + 3*a. List the prime factors of c(0).
7
List the prime factors of (99 - -1)/((-2)/8*-4).
2, 5
Suppose -193 - 23 = -8*f. List the prime factors of f.
3
Let b(c) = c**2 - c + 1. List the prime factors of b(6).
31
Let y(v) = v**2 + 3*v - 19. What are the prime factors of y(9)?
89
List the prime factors of 332/8 - 15/(-10).
43
Let y be -33 + 2/(-6)*0. Let k = 13 - y. What are the prime factors of k?
2, 23
Suppose 10 = -4*b - 2. Suppose -2*w - 3*n - 46 = 3*w, 42 = -5*w - n. Let h = b - w. What are the prime factors of h?
5
Suppose -2*b + 14 + 8 = 4*g, -b - 13 = -4*g. Suppose 0 = -h - g*h + 25. Suppose 48 = h*y - 4*k, 2*k + k = -6. What are the prime factors of y?
2
List the prime factors of 21/14 - 2157/(-6).
19
Let r = -9 - -4. Let n = -19 - r. List the prime factors of -1 - (-7)/(n/(-12)).
5
Let f(l) = -7*l**2 + l**3 + 9*l + 4 + 2 - 3*l**2. Let a be f(9). Let m(r) = r**3 - 6*r**2 + r - 1. List the prime factors of m(a).
5
Suppose v + 3 = -0*g - 5*g, 0 = -3*v - 9. Suppose 3*y + g*y = 60. List the prime factors of y.
2, 5
Let g(n) = -4*n. Let o be (1 + 2/8)*4. Suppose 3*j - 8*j - o = 0. What are the prime factors of g(j)?
2
Let d(m) = m**3 + 5*m**2 - m - 3. Let u be d(-6). Let y = -21 - u. What are the prime factors of y?
2, 3
Let i = -17 + 28. Suppose -5*l + 4 = -i. Suppose l*f - 12 = -0. List the prime factors of f.
2
Let o = -56 + 104. What are the prime factors of o?
2, 3
Let d(c) = 68*c**2 - 2*c + 1. Let m be d(1). Suppose 2*h + 90 = 3*j + 7*h, -h = 2*j - m. List the prime factors of j.
5, 7
Let h(j) = j**3 + 15*j**2 - 10*j + 19. What are the prime factors of h(-14)?
5, 71
Let z = 2 - -6. Let k be (-2 - z)*(-1)/2. What are the prime factors of 2/k - 96/(-10)?
2, 5
Let y(v) = v**3 + 13*v**2 + 10*v - 8. What are the prime factors of y(-8)?
2, 29
Suppose -2*s - v = -147, -7 = -5*v + 8. What are the prime factors of s?
2, 3
What are the prime factors of 36 + 4/((-8)/(-2))?
37
Let d = -35 + 55. List the prime factors of d.
2, 5
Let l = -102 + 72. Let d = l - -48. List the prime fact